{"id":163,"date":"2021-06-16T19:13:11","date_gmt":"2021-06-16T19:13:11","guid":{"rendered":"http:\/\/www.appicua.com\/app-sites\/cesvitalleres\/?page_id=163"},"modified":"2023-05-11T17:27:11","modified_gmt":"2023-05-11T17:27:11","slug":"certificacion","status":"publish","type":"page","link":"https:\/\/www.cesvicolombia.com\/circulopreferencialdetalleres\/index.php\/certificacion\/","title":{"rendered":"Certificaci\u00f3n"},"content":{"rendered":"[vc_row type=&#8221;full_width_content&#8221; full_screen_row_position=&#8221;middle&#8221; column_margin=&#8221;default&#8221; equal_height=&#8221;yes&#8221; content_placement=&#8221;top&#8221; column_direction=&#8221;default&#8221; column_direction_tablet=&#8221;default&#8221; column_direction_phone=&#8221;default&#8221; scene_position=&#8221;center&#8221; left_padding_desktop=&#8221;80&#8243; constrain_group_2=&#8221;yes&#8221; right_padding_desktop=&#8221;80&#8243; left_padding_tablet=&#8221;0&#8243; constrain_group_4=&#8221;yes&#8221; right_padding_tablet=&#8221;0&#8243; left_padding_phone=&#8221;0&#8243; right_padding_phone=&#8221;0&#8243; translate_y=&#8221;-80&#8243; translate_y_tablet=&#8221;0&#8243; translate_y_phone=&#8221;0px&#8221; text_color=&#8221;dark&#8221; text_align=&#8221;left&#8221; row_border_radius=&#8221;none&#8221; row_border_radius_applies=&#8221;bg&#8221; zindex=&#8221;2000&#8243; id=&#8221;ct-certificacion&#8221; overlay_strength=&#8221;0.3&#8243; gradient_direction=&#8221;left_to_right&#8221; shape_divider_position=&#8221;bottom&#8221; bg_image_animation=&#8221;none&#8221; shape_type=&#8221;&#8221;][vc_column column_padding=&#8221;no-extra-padding&#8221; column_padding_tablet=&#8221;inherit&#8221; column_padding_phone=&#8221;inherit&#8221; column_padding_position=&#8221;all&#8221; column_element_spacing=&#8221;default&#8221; background_color_opacity=&#8221;1&#8243; background_hover_color_opacity=&#8221;1&#8243; column_shadow=&#8221;none&#8221; column_border_radius=&#8221;none&#8221; column_link_target=&#8221;_self&#8221; gradient_direction=&#8221;left_to_right&#8221; overlay_strength=&#8221;0.3&#8243; width=&#8221;1\/4&#8243; tablet_width_inherit=&#8221;default&#8221; tablet_text_alignment=&#8221;default&#8221; phone_text_alignment=&#8221;default&#8221; bg_image_animation=&#8221;none&#8221; border_type=&#8221;simple&#8221; column_border_width=&#8221;none&#8221; column_border_style=&#8221;solid&#8221;][fancy_box box_style=&#8221;hover_desc&#8221; icon_family=&#8221;none&#8221; image_url=&#8221;167&#8243; hover_color=&#8221;extra-color-1&#8243; hover_color_custom=&#8221;rgba(23,48,85,0.72)&#8221; box_alignment=&#8221;left&#8221; hover_desc_bg_animation=&#8221;long_zoom&#8221; border_radius=&#8221;default&#8221; image_loading=&#8221;default&#8221;]<img loading=\"lazy\" decoding=\"async\" class=\"size-full wp-image-168 alignleft\" src=\"https:\/\/www.cesvicolombia.com\/circulopreferencialdetalleres\/wp-content\/uploads\/2021\/06\/Taller-Oro-1.png\" alt=\"\" width=\"86\" height=\"86\" \/><\/p>\n<p>&nbsp;<\/p>\n<p>&nbsp;<\/p>\n<p>&nbsp;<\/p>\n<h2><span style=\"color: #ffffff;\">Taller Oro<\/span><\/h2>\n<p>&nbsp;<\/p>\n<ul>\n<li><span style=\"color: #ffffff;\">Este galard\u00f3n se otorga a aquellos talleres que demuestran excelencia en la gesti\u00f3n y el uso eficiente de sus recursos, as\u00ed como en la aplicaci\u00f3n de las mejores pr\u00e1cticas de reparaci\u00f3n y el manejo de residuos de manera responsable.<\/span><\/li>\n<\/ul>\n[\/fancy_box][\/vc_column][vc_column column_padding=&#8221;no-extra-padding&#8221; column_padding_tablet=&#8221;inherit&#8221; column_padding_phone=&#8221;inherit&#8221; column_padding_position=&#8221;all&#8221; column_element_spacing=&#8221;default&#8221; background_color_opacity=&#8221;1&#8243; background_hover_color_opacity=&#8221;1&#8243; column_shadow=&#8221;none&#8221; column_border_radius=&#8221;none&#8221; column_link_target=&#8221;_self&#8221; gradient_direction=&#8221;left_to_right&#8221; overlay_strength=&#8221;0.3&#8243; width=&#8221;1\/4&#8243; tablet_width_inherit=&#8221;default&#8221; tablet_text_alignment=&#8221;default&#8221; phone_text_alignment=&#8221;default&#8221; bg_image_animation=&#8221;none&#8221; border_type=&#8221;simple&#8221; column_border_width=&#8221;none&#8221; column_border_style=&#8221;solid&#8221;][fancy_box box_style=&#8221;hover_desc&#8221; icon_family=&#8221;none&#8221; image_url=&#8221;176&#8243; hover_color=&#8221;accent-color&#8221; hover_color_custom=&#8221;rgba(246,194,61,0.72)&#8221; box_alignment=&#8221;left&#8221; hover_desc_bg_animation=&#8221;long_zoom&#8221; border_radius=&#8221;default&#8221; image_loading=&#8221;default&#8221;]<img loading=\"lazy\" decoding=\"async\" class=\"wp-image-177 size-full alignleft\" src=\"https:\/\/www.cesvicolombia.com\/circulopreferencialdetalleres\/wp-content\/uploads\/2021\/06\/Taller-Plata-1.png\" alt=\"\" width=\"86\" height=\"86\" \/><\/p>\n<p>&nbsp;<\/p>\n<p>&nbsp;<\/p>\n<p>&nbsp;<\/p>\n<h2><span style=\"color: #ffffff;\">Taller Plata<\/span><\/h2>\n<p>&nbsp;<\/p>\n<ul>\n<li><span style=\"color: #ffffff;\">Este galard\u00f3n se otorga a talleres que demuestran un uso adecuado de los recursos y aplican las mejores pr\u00e1cticas de reparaci\u00f3n, as\u00ed como una gesti\u00f3n eficiente y responsable en el manejo de residuos.<\/span><\/li>\n<\/ul>\n[\/fancy_box][\/vc_column][vc_column column_padding=&#8221;no-extra-padding&#8221; column_padding_tablet=&#8221;inherit&#8221; column_padding_phone=&#8221;inherit&#8221; column_padding_position=&#8221;all&#8221; column_element_spacing=&#8221;default&#8221; background_color_opacity=&#8221;1&#8243; background_hover_color_opacity=&#8221;1&#8243; column_shadow=&#8221;none&#8221; column_border_radius=&#8221;none&#8221; column_link_target=&#8221;_self&#8221; gradient_direction=&#8221;left_to_right&#8221; overlay_strength=&#8221;0.3&#8243; width=&#8221;1\/4&#8243; tablet_width_inherit=&#8221;default&#8221; tablet_text_alignment=&#8221;default&#8221; phone_text_alignment=&#8221;default&#8221; bg_image_animation=&#8221;none&#8221; border_type=&#8221;simple&#8221; column_border_width=&#8221;none&#8221; column_border_style=&#8221;solid&#8221;][fancy_box box_style=&#8221;hover_desc&#8221; icon_family=&#8221;none&#8221; image_url=&#8221;178&#8243; hover_color=&#8221;extra-color-1&#8243; hover_color_custom=&#8221;rgba(23,48,85,0.72)&#8221; box_alignment=&#8221;left&#8221; hover_desc_bg_animation=&#8221;long_zoom&#8221; border_radius=&#8221;default&#8221; image_loading=&#8221;default&#8221;]<img loading=\"lazy\" decoding=\"async\" class=\"wp-image-179 size-full alignleft\" src=\"https:\/\/www.cesvicolombia.com\/circulopreferencialdetalleres\/wp-content\/uploads\/2021\/06\/Taller-Bronce-1.png\" alt=\"\" width=\"86\" height=\"86\" \/><\/p>\n<p>&nbsp;<\/p>\n<p>&nbsp;<\/p>\n<p>&nbsp;<\/p>\n<h2><span style=\"color: #ffffff;\">Taller Bronce<\/span><\/h2>\n<p>&nbsp;<\/p>\n<ul>\n<li><span style=\"color: #ffffff;\">Este galard\u00f3n se otorga a talleres que aplican buenas pr\u00e1cticas de reparaci\u00f3n y demuestran un compromiso con la responsabilidad ambiental en su gesti\u00f3n de residuos.<\/span><\/li>\n<\/ul>\n[\/fancy_box][\/vc_column][vc_column column_padding=&#8221;no-extra-padding&#8221; column_padding_tablet=&#8221;inherit&#8221; column_padding_phone=&#8221;inherit&#8221; column_padding_position=&#8221;all&#8221; column_element_spacing=&#8221;default&#8221; background_color_opacity=&#8221;1&#8243; background_hover_color_opacity=&#8221;1&#8243; column_shadow=&#8221;none&#8221; column_border_radius=&#8221;none&#8221; column_link_target=&#8221;_self&#8221; gradient_direction=&#8221;left_to_right&#8221; overlay_strength=&#8221;0.3&#8243; width=&#8221;1\/4&#8243; tablet_width_inherit=&#8221;default&#8221; tablet_text_alignment=&#8221;default&#8221; phone_text_alignment=&#8221;default&#8221; bg_image_animation=&#8221;none&#8221; border_type=&#8221;simple&#8221; column_border_width=&#8221;none&#8221; column_border_style=&#8221;solid&#8221;][fancy_box box_style=&#8221;hover_desc&#8221; icon_family=&#8221;none&#8221; image_url=&#8221;995&#8243; hover_color=&#8221;accent-color&#8221; hover_color_custom=&#8221;rgba(246,194,61,0.72)&#8221; box_alignment=&#8221;left&#8221; hover_desc_bg_animation=&#8221;long_zoom&#8221; border_radius=&#8221;default&#8221; image_loading=&#8221;default&#8221;]<img loading=\"lazy\" decoding=\"async\" class=\"wp-image-1006 size-full alignleft\" src=\"https:\/\/www.cesvicolombia.com\/circulopreferencialdetalleres\/wp-content\/uploads\/2021\/07\/icono_amigo.png\" alt=\"\" width=\"88\" height=\"88\" \/><\/p>\n<p>&nbsp;<\/p>\n<p>&nbsp;<\/p>\n<p>&nbsp;<\/p>\n<h2><span style=\"color: #ffffff;\">Taller Amigo<\/span><\/h2>\n<ul>\n<li><span style=\"color: #ffffff;\">En esta categor\u00eda se incluyen todos los talleres que se encuentran en proceso de certificaci\u00f3n y que, tras completarlo, ser\u00e1n evaluados para determinar si cumplen con los requisitos para ser clasificados en las categor\u00edas de Taller Bronce, Taller Plata o Taller Oro, seg\u00fan corresponda.<\/span><\/li>\n<\/ul>\n[\/fancy_box][\/vc_column][\/vc_row][vc_row type=&#8221;in_container&#8221; full_screen_row_position=&#8221;middle&#8221; column_margin=&#8221;default&#8221; column_direction=&#8221;default&#8221; column_direction_tablet=&#8221;default&#8221; column_direction_phone=&#8221;default&#8221; scene_position=&#8221;center&#8221; bottom_padding=&#8221;60&#8243; text_color=&#8221;dark&#8221; text_align=&#8221;left&#8221; row_border_radius=&#8221;none&#8221; row_border_radius_applies=&#8221;bg&#8221; overlay_strength=&#8221;0.3&#8243; gradient_direction=&#8221;left_to_right&#8221; shape_divider_position=&#8221;bottom&#8221; bg_image_animation=&#8221;none&#8221; shape_type=&#8221;&#8221;][vc_column column_padding=&#8221;no-extra-padding&#8221; column_padding_tablet=&#8221;inherit&#8221; column_padding_phone=&#8221;inherit&#8221; column_padding_position=&#8221;all&#8221; column_element_spacing=&#8221;default&#8221; background_color_opacity=&#8221;1&#8243; background_hover_color_opacity=&#8221;1&#8243; column_shadow=&#8221;none&#8221; column_border_radius=&#8221;none&#8221; column_link_target=&#8221;_self&#8221; gradient_direction=&#8221;left_to_right&#8221; overlay_strength=&#8221;0.3&#8243; width=&#8221;1\/3&#8243; tablet_width_inherit=&#8221;default&#8221; tablet_text_alignment=&#8221;default&#8221; phone_text_alignment=&#8221;default&#8221; bg_image_animation=&#8221;none&#8221; border_type=&#8221;simple&#8221; column_border_width=&#8221;none&#8221; column_border_style=&#8221;solid&#8221;][fancy_box box_style=&#8221;default&#8221; icon_family=&#8221;none&#8221; color=&#8221;accent-color&#8221; color_custom=&#8221;#ffffff&#8221; border_radius=&#8221;default&#8221; image_loading=&#8221;default&#8221;]\n<h3>Concesionarios<\/h3>\n<p>Esta clasificaci\u00f3n define a los talleres vinculados principalmente a empresas representantes de la marca de veh\u00edculos nacionales o extranjeras, que tienen acuerdos de exclusividad para la atenci\u00f3n y la reparaci\u00f3n de veh\u00edculos de una marca espec\u00edfica.[\/fancy_box][\/vc_column][vc_column column_padding=&#8221;no-extra-padding&#8221; column_padding_tablet=&#8221;inherit&#8221; column_padding_phone=&#8221;inherit&#8221; column_padding_position=&#8221;all&#8221; column_element_spacing=&#8221;default&#8221; background_color_opacity=&#8221;1&#8243; background_hover_color_opacity=&#8221;1&#8243; column_shadow=&#8221;none&#8221; column_border_radius=&#8221;none&#8221; column_link_target=&#8221;_self&#8221; gradient_direction=&#8221;left_to_right&#8221; overlay_strength=&#8221;0.3&#8243; width=&#8221;1\/3&#8243; tablet_width_inherit=&#8221;default&#8221; tablet_text_alignment=&#8221;default&#8221; phone_text_alignment=&#8221;default&#8221; bg_image_animation=&#8221;none&#8221; border_type=&#8221;simple&#8221; column_border_width=&#8221;none&#8221; column_border_style=&#8221;solid&#8221;][fancy_box box_style=&#8221;default&#8221; icon_family=&#8221;none&#8221; color=&#8221;accent-color&#8221; color_custom=&#8221;#ffffff&#8221; border_radius=&#8221;default&#8221; image_loading=&#8221;default&#8221;]\n<h3>Concesionario Multimarca<\/h3>\n<p>Esta clasificaci\u00f3n hace referencia a talleres que representan mediante concesi\u00f3n varias marcas al mismo tiempo. Estos talleres se adaptan a los criterios definidos por los fabricantes para atender bajo su infraestructura la reparaci\u00f3n de las marcas que representan.[\/fancy_box][\/vc_column][vc_column column_padding=&#8221;no-extra-padding&#8221; column_padding_tablet=&#8221;inherit&#8221; column_padding_phone=&#8221;inherit&#8221; column_padding_position=&#8221;all&#8221; column_element_spacing=&#8221;default&#8221; background_color_opacity=&#8221;1&#8243; background_hover_color_opacity=&#8221;1&#8243; column_shadow=&#8221;none&#8221; column_border_radius=&#8221;none&#8221; column_link_target=&#8221;_self&#8221; gradient_direction=&#8221;left_to_right&#8221; overlay_strength=&#8221;0.3&#8243; width=&#8221;1\/3&#8243; tablet_width_inherit=&#8221;default&#8221; tablet_text_alignment=&#8221;default&#8221; phone_text_alignment=&#8221;default&#8221; bg_image_animation=&#8221;none&#8221; border_type=&#8221;simple&#8221; column_border_width=&#8221;none&#8221; column_border_style=&#8221;solid&#8221;][fancy_box box_style=&#8221;default&#8221; icon_family=&#8221;none&#8221; color=&#8221;accent-color&#8221; color_custom=&#8221;#ffffff&#8221; border_radius=&#8221;default&#8221; image_loading=&#8221;default&#8221;]\n<h3>Centro especializado de colisi\u00f3n<\/h3>\n<p>Son talleres independientes que atienden m\u00faltiples marcas bajo la misma infraestructura, especializ\u00e1ndose principalmente en las reparaciones de carrocer\u00eda y pintura automotriz.[\/fancy_box][\/vc_column][\/vc_row]\n","protected":false},"excerpt":{"rendered":"<p>[vc_row type=&#8221;full_width_content&#8221; full_screen_row_position=&#8221;middle&#8221; column_margin=&#8221;default&#8221; equal_height=&#8221;yes&#8221; content_placement=&#8221;top&#8221; column_direction=&#8221;default&#8221; column_direction_tablet=&#8221;default&#8221; column_direction_phone=&#8221;default&#8221; scene_position=&#8221;center&#8221; left_padding_desktop=&#8221;80&#8243; constrain_group_2=&#8221;yes&#8221; right_padding_desktop=&#8221;80&#8243; left_padding_tablet=&#8221;0&#8243; constrain_group_4=&#8221;yes&#8221; right_padding_tablet=&#8221;0&#8243; left_padding_phone=&#8221;0&#8243; right_padding_phone=&#8221;0&#8243; translate_y=&#8221;-80&#8243; translate_y_tablet=&#8221;0&#8243; translate_y_phone=&#8221;0px&#8221; text_color=&#8221;dark&#8221; text_align=&#8221;left&#8221; row_border_radius=&#8221;none&#8221; row_border_radius_applies=&#8221;bg&#8221; zindex=&#8221;2000&#8243; id=&#8221;ct-certificacion&#8221; overlay_strength=&#8221;0.3&#8243; gradient_direction=&#8221;left_to_right&#8221; shape_divider_position=&#8221;bottom&#8221;&#8230;<\/p>\n","protected":false},"author":1,"featured_media":0,"parent":0,"menu_order":0,"comment_status":"closed","ping_status":"closed","template":"","meta":{"footnotes":""},"class_list":["post-163","page","type-page","status-publish"],"_links":{"self":[{"href":"https:\/\/www.cesvicolombia.com\/circulopreferencialdetalleres\/index.php\/wp-json\/wp\/v2\/pages\/163","targetHints":{"allow":["GET"]}}],"collection":[{"href":"https:\/\/www.cesvicolombia.com\/circulopreferencialdetalleres\/index.php\/wp-json\/wp\/v2\/pages"}],"about":[{"href":"https:\/\/www.cesvicolombia.com\/circulopreferencialdetalleres\/index.php\/wp-json\/wp\/v2\/types\/page"}],"author":[{"embeddable":true,"href":"https:\/\/www.cesvicolombia.com\/circulopreferencialdetalleres\/index.php\/wp-json\/wp\/v2\/users\/1"}],"replies":[{"embeddable":true,"href":"https:\/\/www.cesvicolombia.com\/circulopreferencialdetalleres\/index.php\/wp-json\/wp\/v2\/comments?post=163"}],"version-history":[{"count":81,"href":"https:\/\/www.cesvicolombia.com\/circulopreferencialdetalleres\/index.php\/wp-json\/wp\/v2\/pages\/163\/revisions"}],"predecessor-version":[{"id":5056,"href":"https:\/\/www.cesvicolombia.com\/circulopreferencialdetalleres\/index.php\/wp-json\/wp\/v2\/pages\/163\/revisions\/5056"}],"wp:attachment":[{"href":"https:\/\/www.cesvicolombia.com\/circulopreferencialdetalleres\/index.php\/wp-json\/wp\/v2\/media?parent=163"}],"curies":[{"name":"wp","href":"https:\/\/api.w.org\/{rel}","templated":true}]}}